{"id":83,"date":"2019-05-09T19:55:34","date_gmt":"2019-05-09T17:55:34","guid":{"rendered":"http:\/\/jazzinloc.com\/?page_id=83"},"modified":"2025-05-15T13:30:34","modified_gmt":"2025-05-15T11:30:34","slug":"programmation","status":"publish","type":"page","link":"https:\/\/jazzinloc.com\/index.php\/programmation\/","title":{"rendered":"Programmation"},"content":{"rendered":"<p>[et_pb_section fb_built=\u00a0\u00bb1&Prime; _builder_version=\u00a0\u00bb4.17.4&Prime; background_color=\u00a0\u00bbRGBA(255,255,255,0)\u00a0\u00bb custom_padding=\u00a0\u00bb50px||||false|false\u00a0\u00bb hover_enabled=\u00a0\u00bb0&Prime; global_colors_info=\u00a0\u00bb{}\u00a0\u00bb background_enable_image=\u00a0\u00bboff\u00a0\u00bb use_background_color_gradient=\u00a0\u00bbon\u00a0\u00bb background_color_gradient_stops=\u00a0\u00bb#212729 0%|#100d0f 100%\u00a0\u00bb sticky_enabled=\u00a0\u00bb0&Prime;][et_pb_row _builder_version=\u00a0\u00bb4.17.4&Prime; background_color=\u00a0\u00bb#DF7C3F\u00a0\u00bb custom_margin=\u00a0\u00bb|auto|30px|auto|false|false\u00a0\u00bb custom_padding=\u00a0\u00bb||||false|false\u00a0\u00bb global_module=\u00a0\u00bb896&Prime; saved_tabs=\u00a0\u00bball\u00a0\u00bb global_colors_info=\u00a0\u00bb{}\u00a0\u00bb][et_pb_column type=\u00a0\u00bb4_4&Prime; _builder_version=\u00a0\u00bb4.16&Prime; custom_padding=\u00a0\u00bb|||\u00a0\u00bb global_colors_info=\u00a0\u00bb{}\u00a0\u00bb custom_padding__hover=\u00a0\u00bb|||\u00a0\u00bb][et_pb_text _builder_version=\u00a0\u00bb4.17.4&Prime; text_font=\u00a0\u00bb||||||||\u00a0\u00bb text_text_color=\u00a0\u00bb#ffffff\u00a0\u00bb text_font_size=\u00a0\u00bb15px\u00a0\u00bb min_height=\u00a0\u00bb1.8px\u00a0\u00bb custom_margin=\u00a0\u00bb|11px||10px||\u00a0\u00bb custom_padding=\u00a0\u00bb||10px|||\u00a0\u00bb global_colors_info=\u00a0\u00bb{}\u00a0\u00bb]<\/p>\n<p style=\"text-align: center;\"><strong>IMPORTANT<\/strong><span> En cas de mauvaises conditions m\u00e9t\u00e9o, les concerts sont rapatri\u00e9s au Centre Culturel de Loctudy (Hent ar Poull Gleu Vihan). Le changement de lieu est indiqu\u00e9 par une alerte le jour du concert avant 10h30 sur jazzinloc.com<br \/><\/span><\/p>\n<p>[\/et_pb_text][\/et_pb_column][\/et_pb_row][et_pb_row _builder_version=\u00a0\u00bb4.17.4&Prime; background_color=\u00a0\u00bb#ffffff\u00a0\u00bb custom_margin=\u00a0\u00bb-1px|auto||auto||\u00a0\u00bb hover_enabled=\u00a0\u00bb0&Prime; global_colors_info=\u00a0\u00bb{}\u00a0\u00bb disabled_on=\u00a0\u00bbon|on|on\u00a0\u00bb disabled=\u00a0\u00bbon\u00a0\u00bb sticky_enabled=\u00a0\u00bb0&Prime;][et_pb_column type=\u00a0\u00bb4_4&Prime; _builder_version=\u00a0\u00bb4.16&Prime; custom_padding=\u00a0\u00bb|||\u00a0\u00bb global_colors_info=\u00a0\u00bb{}\u00a0\u00bb custom_padding__hover=\u00a0\u00bb|||\u00a0\u00bb][et_pb_filterable_portfolio fullwidth=\u00a0\u00bboff\u00a0\u00bb include_categories=\u00a0\u00bb43,44,45,42,21,37,35,46&Prime; disabled_on=\u00a0\u00bboff|on|off\u00a0\u00bb _builder_version=\u00a0\u00bb4.17.4&Prime; title_font=\u00a0\u00bb||||||||\u00a0\u00bb title_text_color=\u00a0\u00bb#262A54&Prime; filter_font=\u00a0\u00bbPoppins||||||||\u00a0\u00bb filter_text_color=\u00a0\u00bb#262A54&Prime; caption_font=\u00a0\u00bb||||||||\u00a0\u00bb caption_text_color=\u00a0\u00bb#262A54&Prime; background_color=\u00a0\u00bb#ffffff\u00a0\u00bb custom_margin=\u00a0\u00bb|20px||20px\u00a0\u00bb border_color_all=\u00a0\u00bb#7f307d\u00a0\u00bb global_colors_info=\u00a0\u00bb{}\u00a0\u00bb][\/et_pb_filterable_portfolio][\/et_pb_column][\/et_pb_row][et_pb_row _builder_version=\u00a0\u00bb4.17.4&Prime; custom_margin=\u00a0\u00bb50px||||false|false\u00a0\u00bb global_colors_info=\u00a0\u00bb{}\u00a0\u00bb][et_pb_column type=\u00a0\u00bb4_4&Prime; _builder_version=\u00a0\u00bb4.16&Prime; custom_padding=\u00a0\u00bb|||\u00a0\u00bb global_colors_info=\u00a0\u00bb{}\u00a0\u00bb custom_padding__hover=\u00a0\u00bb|||\u00a0\u00bb][et_pb_text _builder_version=\u00a0\u00bb4.17.4&Prime; text_font=\u00a0\u00bb||||||||\u00a0\u00bb header_font=\u00a0\u00bb||||||||\u00a0\u00bb header_text_color=\u00a0\u00bb#D3458A\u00a0\u00bb custom_margin=\u00a0\u00bb0px||\u00a0\u00bb hover_enabled=\u00a0\u00bb0&Prime; global_colors_info=\u00a0\u00bb{}\u00a0\u00bb sticky_enabled=\u00a0\u00bb0&Prime;]<\/p>\n<h1 style=\"text-align: center;\">Programmation<\/h1>\n<p>[\/et_pb_text][\/et_pb_column][\/et_pb_row][et_pb_row column_structure=\u00a0\u00bb1_4,1_4,1_4,1_4&Prime; _builder_version=\u00a0\u00bb4.17.4&Prime; width=\u00a0\u00bb100%\u00a0\u00bb max_width=\u00a0\u00bb1200px\u00a0\u00bb custom_margin=\u00a0\u00bb||||false|false\u00a0\u00bb global_colors_info=\u00a0\u00bb{}\u00a0\u00bb][et_pb_column type=\u00a0\u00bb1_4&Prime; _builder_version=\u00a0\u00bb4.17.4&Prime; custom_padding=\u00a0\u00bb|||\u00a0\u00bb global_colors_info=\u00a0\u00bb{}\u00a0\u00bb custom_padding__hover=\u00a0\u00bb|||\u00a0\u00bb][\/et_pb_column][et_pb_column type=\u00a0\u00bb1_4&Prime; _builder_version=\u00a0\u00bb4.16&Prime; custom_padding=\u00a0\u00bb|||\u00a0\u00bb global_colors_info=\u00a0\u00bb{}\u00a0\u00bb custom_padding__hover=\u00a0\u00bb|||\u00a0\u00bb][et_pb_text _builder_version=\u00a0\u00bb4.17.4&Prime; hover_enabled=\u00a0\u00bb0&Prime; global_colors_info=\u00a0\u00bb{}\u00a0\u00bb sticky_enabled=\u00a0\u00bb0&Prime; text_text_color=\u00a0\u00bb#FFFFFF\u00a0\u00bb header_3_text_color=\u00a0\u00bb#F7DA55&Prime;]<\/p>\n<h3 style=\"text-align: center;\">Vendredi 8 ao\u00fbt<\/h3>\n<p style=\"text-align: center;\">Au Manoir de Moor Braz<br \/>\u00e0 Loctudy<br \/>\u00e0 partir de 21h<\/p>\n<p style=\"text-align: center;\">\u2014<\/p>\n<h3 style=\"text-align: center;\">Artistes<\/h3>\n<p style=\"text-align: center;\">Rhythm on Fire avec Aur\u00e9lien Lehmann et Pierre-Yves Plat<\/p>\n<p style=\"text-align: center;\">[\/et_pb_text][\/et_pb_column][et_pb_column type=\u00a0\u00bb1_4&Prime; _builder_version=\u00a0\u00bb4.16&Prime; custom_padding=\u00a0\u00bb|||\u00a0\u00bb global_colors_info=\u00a0\u00bb{}\u00a0\u00bb custom_padding__hover=\u00a0\u00bb|||\u00a0\u00bb][et_pb_text _builder_version=\u00a0\u00bb4.17.4&Prime; hover_enabled=\u00a0\u00bb0&Prime; global_colors_info=\u00a0\u00bb{}\u00a0\u00bb text_text_color=\u00a0\u00bb#FFFFFF\u00a0\u00bb header_3_text_color=\u00a0\u00bb#F7DA55&Prime; sticky_enabled=\u00a0\u00bb0&Prime;]<\/p>\n<h3 style=\"text-align: center;\">Samedi 9 ao\u00fbt<\/h3>\n<p style=\"text-align: center;\">Au Manoir de Moor Braz<br \/>\u00e0 Loctudy<br \/>\u00e0 11h<\/p>\n<p style=\"text-align: center;\">\u2014<\/p>\n<h3 style=\"text-align: center;\">Artistes<\/h3>\n<p style=\"text-align: center;\">Masterclass de claquettes avec Aur\u00e9lien Lehmann\u00a0<\/p>\n<p>[\/et_pb_text][\/et_pb_column][et_pb_column type=\u00a0\u00bb1_4&Prime; _builder_version=\u00a0\u00bb4.16&Prime; custom_padding=\u00a0\u00bb|||\u00a0\u00bb global_colors_info=\u00a0\u00bb{}\u00a0\u00bb custom_padding__hover=\u00a0\u00bb|||\u00a0\u00bb][\/et_pb_column][\/et_pb_row][et_pb_row _builder_version=\u00a0\u00bb4.17.4&Prime; hover_enabled=\u00a0\u00bb0&Prime; global_colors_info=\u00a0\u00bb{}\u00a0\u00bb sticky_enabled=\u00a0\u00bb0&Prime;][et_pb_column type=\u00a0\u00bb4_4&Prime; _builder_version=\u00a0\u00bb4.16&Prime; custom_padding=\u00a0\u00bb|||\u00a0\u00bb global_colors_info=\u00a0\u00bb{}\u00a0\u00bb custom_padding__hover=\u00a0\u00bb|||\u00a0\u00bb][et_pb_button button_url=\u00a0\u00bbhttps:\/\/jazzinloc.com\/index.php\/billetterie\/\u00a0\u00bb button_text=\u00a0\u00bbJe r\u00e9serve mon billet\u00a0\u00bb button_alignment=\u00a0\u00bbcenter\u00a0\u00bb disabled_on=\u00a0\u00bboff|off|off\u00a0\u00bb _builder_version=\u00a0\u00bb4.17.4&Prime; custom_button=\u00a0\u00bbon\u00a0\u00bb button_text_size=\u00a0\u00bb22px\u00a0\u00bb button_text_color=\u00a0\u00bb#FFFFFF\u00a0\u00bb button_bg_color=\u00a0\u00bb#D3458A\u00a0\u00bb button_border_width=\u00a0\u00bb0px\u00a0\u00bb button_border_color=\u00a0\u00bbrgba(0,0,0,0)\u00a0\u00bb button_border_radius=\u00a0\u00bb8px\u00a0\u00bb button_font=\u00a0\u00bb|700|||||||\u00a0\u00bb custom_margin=\u00a0\u00bb15px||\u00a0\u00bb hover_enabled=\u00a0\u00bb0&Prime; global_colors_info=\u00a0\u00bb{}\u00a0\u00bb button_bg_enable_color=\u00a0\u00bbon\u00a0\u00bb sticky_enabled=\u00a0\u00bb0&Prime;][\/et_pb_button][\/et_pb_column][\/et_pb_row][et_pb_row _builder_version=\u00a0\u00bb4.16&Prime; global_colors_info=\u00a0\u00bb{}\u00a0\u00bb][et_pb_column type=\u00a0\u00bb4_4&Prime; _builder_version=\u00a0\u00bb4.16&Prime; custom_padding=\u00a0\u00bb|||\u00a0\u00bb global_colors_info=\u00a0\u00bb{}\u00a0\u00bb custom_padding__hover=\u00a0\u00bb|||\u00a0\u00bb][et_pb_divider show_divider=\u00a0\u00bboff\u00a0\u00bb _builder_version=\u00a0\u00bb4.17.4&Prime; _module_preset=\u00a0\u00bbdefault\u00a0\u00bb min_height=\u00a0\u00bb93.8px\u00a0\u00bb global_colors_info=\u00a0\u00bb{}\u00a0\u00bb][\/et_pb_divider][\/et_pb_column][\/et_pb_row][\/et_pb_section]<\/p>\n","protected":false},"excerpt":{"rendered":"<p>Retrouvez toute la programmation du festival Jazz In Loc 2025<\/p>\n","protected":false},"author":1,"featured_media":0,"parent":0,"menu_order":0,"comment_status":"closed","ping_status":"closed","template":"","meta":{"_et_pb_use_builder":"on","_et_pb_old_content":"","_et_gb_content_width":""},"_links":{"self":[{"href":"https:\/\/jazzinloc.com\/index.php\/wp-json\/wp\/v2\/pages\/83"}],"collection":[{"href":"https:\/\/jazzinloc.com\/index.php\/wp-json\/wp\/v2\/pages"}],"about":[{"href":"https:\/\/jazzinloc.com\/index.php\/wp-json\/wp\/v2\/types\/page"}],"author":[{"embeddable":true,"href":"https:\/\/jazzinloc.com\/index.php\/wp-json\/wp\/v2\/users\/1"}],"replies":[{"embeddable":true,"href":"https:\/\/jazzinloc.com\/index.php\/wp-json\/wp\/v2\/comments?post=83"}],"version-history":[{"count":78,"href":"https:\/\/jazzinloc.com\/index.php\/wp-json\/wp\/v2\/pages\/83\/revisions"}],"predecessor-version":[{"id":1238,"href":"https:\/\/jazzinloc.com\/index.php\/wp-json\/wp\/v2\/pages\/83\/revisions\/1238"}],"wp:attachment":[{"href":"https:\/\/jazzinloc.com\/index.php\/wp-json\/wp\/v2\/media?parent=83"}],"curies":[{"name":"wp","href":"https:\/\/api.w.org\/{rel}","templated":true}]}}

<p>[et_pb_section fb_built= »1&Prime; _builder_version= »4.17.4&Prime; background_color= »RGBA(255,255,255,0) » custom_padding= »50px||||false|false » hover_enabled= »0&Prime; global_colors_info= »{} » background_enable_image= »off » use_background_color_gradient= »on » background_color_gradient_stops= »#212729 0%|#100d0f 100% » sticky_enabled= »0&Prime;][et_pb_row _builder_version= »4.17.4&Prime; background_color= »#DF7C3F » custom_margin= »|auto|30px|auto|false|false » custom_padding= »||||false|false » global_module= »896&Prime; saved_tabs= »all » global_colors_info= »{} »][et_pb_column type= »4_4&Prime; _builder_version= »4.16&Prime; custom_padding= »||| » global_colors_info= »{} » custom_padding__hover= »||| »][et_pb_text _builder_version= »4.17.4&Prime; text_font= »|||||||| » text_text_color= »#ffffff » text_font_size= »15px » min_height= »1.8px » custom_margin= »|11px||10px|| » custom_padding= »||10px||| » global_colors_info= »{} »]</p>
<p style="text-align: center;"><strong>IMPORTANT</strong><span> En cas de mauvaises conditions météo, les concerts sont rapatriés au Centre Culturel de Loctudy (Hent ar Poull Gleu Vihan). Le changement de lieu est indiqué par une alerte le jour du concert avant 10h30 sur jazzinloc.com<br /></span></p>
<p>[/et_pb_text][/et_pb_column][/et_pb_row][et_pb_row _builder_version= »4.17.4&Prime; background_color= »#ffffff » custom_margin= »-1px|auto||auto|| » hover_enabled= »0&Prime; global_colors_info= »{} » disabled_on= »on|on|on » disabled= »on » sticky_enabled= »0&Prime;][et_pb_column type= »4_4&Prime; _builder_version= »4.16&Prime; custom_padding= »||| » global_colors_info= »{} » custom_padding__hover= »||| »][et_pb_filterable_portfolio fullwidth= »off » include_categories= »43,44,45,42,21,37,35,46&Prime; disabled_on= »off|on|off » _builder_version= »4.17.4&Prime; title_font= »|||||||| » title_text_color= »#262A54&Prime; filter_font= »Poppins|||||||| » filter_text_color= »#262A54&Prime; caption_font= »|||||||| » caption_text_color= »#262A54&Prime; background_color= »#ffffff » custom_margin= »|20px||20px » border_color_all= »#7f307d » global_colors_info= »{} »][/et_pb_filterable_portfolio][/et_pb_column][/et_pb_row][et_pb_row _builder_version= »4.17.4&Prime; custom_margin= »50px||||false|false » global_colors_info= »{} »][et_pb_column type= »4_4&Prime; _builder_version= »4.16&Prime; custom_padding= »||| » global_colors_info= »{} » custom_padding__hover= »||| »][et_pb_text _builder_version= »4.17.4&Prime; text_font= »|||||||| » header_font= »|||||||| » header_text_color= »#D3458A » custom_margin= »0px|| » hover_enabled= »0&Prime; global_colors_info= »{} » sticky_enabled= »0&Prime;]</p>
<h1 style="text-align: center;">Programmation</h1>
<p>[/et_pb_text][/et_pb_column][/et_pb_row][et_pb_row column_structure= »1_4,1_4,1_4,1_4&Prime; _builder_version= »4.17.4&Prime; width= »100% » max_width= »1200px » custom_margin= »||||false|false » global_colors_info= »{} »][et_pb_column type= »1_4&Prime; _builder_version= »4.17.4&Prime; custom_padding= »||| » global_colors_info= »{} » custom_padding__hover= »||| »][/et_pb_column][et_pb_column type= »1_4&Prime; _builder_version= »4.16&Prime; custom_padding= »||| » global_colors_info= »{} » custom_padding__hover= »||| »][et_pb_text _builder_version= »4.17.4&Prime; hover_enabled= »0&Prime; global_colors_info= »{} » sticky_enabled= »0&Prime; text_text_color= »#FFFFFF » header_3_text_color= »#F7DA55&Prime;]</p>
<h3 style="text-align: center;">Vendredi 8 août</h3>
<p style="text-align: center;">Au Manoir de Moor Braz<br />à Loctudy<br />à partir de 21h</p>
<p style="text-align: center;">—</p>
<h3 style="text-align: center;">Artistes</h3>
<p style="text-align: center;">Rhythm on Fire avec Aurélien Lehmann et Pierre-Yves Plat</p>
<p style="text-align: center;">[/et_pb_text][/et_pb_column][et_pb_column type= »1_4&Prime; _builder_version= »4.16&Prime; custom_padding= »||| » global_colors_info= »{} » custom_padding__hover= »||| »][et_pb_text _builder_version= »4.17.4&Prime; hover_enabled= »0&Prime; global_colors_info= »{} » text_text_color= »#FFFFFF » header_3_text_color= »#F7DA55&Prime; sticky_enabled= »0&Prime;]</p>
<h3 style="text-align: center;">Samedi 9 août</h3>
<p style="text-align: center;">Au Manoir de Moor Braz<br />à Loctudy<br />à 11h</p>
<p style="text-align: center;">—</p>
<h3 style="text-align: center;">Artistes</h3>
<p style="text-align: center;">Masterclass de claquettes avec Aurélien Lehmann </p>
<p>[/et_pb_text][/et_pb_column][et_pb_column type= »1_4&Prime; _builder_version= »4.16&Prime; custom_padding= »||| » global_colors_info= »{} » custom_padding__hover= »||| »][/et_pb_column][/et_pb_row][et_pb_row _builder_version= »4.17.4&Prime; hover_enabled= »0&Prime; global_colors_info= »{} » sticky_enabled= »0&Prime;][et_pb_column type= »4_4&Prime; _builder_version= »4.16&Prime; custom_padding= »||| » global_colors_info= »{} » custom_padding__hover= »||| »][et_pb_button button_url= »https://jazzinloc.com/index.php/billetterie/ » button_text= »Je réserve mon billet » button_alignment= »center » disabled_on= »off|off|off » _builder_version= »4.17.4&Prime; custom_button= »on » button_text_size= »22px » button_text_color= »#FFFFFF » button_bg_color= »#D3458A » button_border_width= »0px » button_border_color= »rgba(0,0,0,0) » button_border_radius= »8px » button_font= »|700||||||| » custom_margin= »15px|| » hover_enabled= »0&Prime; global_colors_info= »{} » button_bg_enable_color= »on » sticky_enabled= »0&Prime;][/et_pb_button][/et_pb_column][/et_pb_row][et_pb_row _builder_version= »4.16&Prime; global_colors_info= »{} »][et_pb_column type= »4_4&Prime; _builder_version= »4.16&Prime; custom_padding= »||| » global_colors_info= »{} » custom_padding__hover= »||| »][et_pb_divider show_divider= »off » _builder_version= »4.17.4&Prime; _module_preset= »default » min_height= »93.8px » global_colors_info= »{} »][/et_pb_divider][/et_pb_column][/et_pb_row][/et_pb_section]</p>
